{"id":3061,"date":"2014-05-13T13:28:41","date_gmt":"2014-05-13T12:28:41","guid":{"rendered":"http:\/\/pernillaodlund.se\/?page_id=3061"},"modified":"2023-02-24T10:12:44","modified_gmt":"2023-02-24T09:12:44","slug":"zam","status":"publish","type":"page","link":"http:\/\/pernillaodlund.se\/?page_id=3061","title":{"rendered":"Zam"},"content":{"rendered":"<p><a href=\"http:\/\/media.pernillaodlund.se\/2015\/09\/DSC_8481.jpg\"><img loading=\"lazy\" decoding=\"async\" class=\"alignnone size-medium wp-image-3877\" src=\"http:\/\/media.pernillaodlund.se\/2015\/09\/DSC_8481-300x200.jpg\" alt=\"DSC_8481\" width=\"300\" height=\"200\" srcset=\"http:\/\/media.pernillaodlund.se\/2015\/09\/DSC_8481-300x200.jpg 300w, http:\/\/media.pernillaodlund.se\/2015\/09\/DSC_8481-450x300.jpg 450w, http:\/\/media.pernillaodlund.se\/2015\/09\/DSC_8481.jpg 640w\" sizes=\"auto, (max-width: 300px) 100vw, 300px\" \/><\/a><\/p>\n<p>Zambucca<br \/>\nf\u00f6dd 1996 imp Irland (2014)<br \/>\nD\u00f6d 2015<br \/>\nok\u00e4nd h\u00e4rstamning<\/p>\n<p>Efter en jobbig sommar med stor allergi mot insekter (och kvalster) s\u00e5 v\u00e4ljer vi att l\u00e5ta \u00e4lskade Zammie-boy somna in. Han led av de jobbiga insekterna och fick \u00e4ven en leversjukdom. <span style=\"color: #ff0000;\"><strong>\u00c4lskad, saknad och aldrig ska vi gl\u00f6mma honom &#8211; v\u00e5r stora hj\u00e4lte &lt;3<\/strong><\/span><\/p>\n<p><a href=\"http:\/\/media.pernillaodlund.se\/2015\/09\/DSC_8474.jpg\"><img loading=\"lazy\" decoding=\"async\" class=\"alignnone size-medium wp-image-3875\" src=\"http:\/\/media.pernillaodlund.se\/2015\/09\/DSC_8474-300x217.jpg\" alt=\"DSC_8474\" width=\"300\" height=\"217\" srcset=\"http:\/\/media.pernillaodlund.se\/2015\/09\/DSC_8474-300x217.jpg 300w, http:\/\/media.pernillaodlund.se\/2015\/09\/DSC_8474-415x300.jpg 415w, http:\/\/media.pernillaodlund.se\/2015\/09\/DSC_8474.jpg 640w\" sizes=\"auto, (max-width: 300px) 100vw, 300px\" \/><\/a> <a href=\"http:\/\/media.pernillaodlund.se\/2015\/09\/DSC_8470.jpg\"><img loading=\"lazy\" decoding=\"async\" class=\"alignnone size-medium wp-image-3874\" src=\"http:\/\/media.pernillaodlund.se\/2015\/09\/DSC_8470-235x300.jpg\" alt=\"DSC_8470\" width=\"235\" height=\"300\" srcset=\"http:\/\/media.pernillaodlund.se\/2015\/09\/DSC_8470-235x300.jpg 235w, http:\/\/media.pernillaodlund.se\/2015\/09\/DSC_8470.jpg 502w\" sizes=\"auto, (max-width: 235px) 100vw, 235px\" \/><\/a><\/p>\n<p>Under tidig h\u00f6st 2014 kvalar Emma och Zam helt ov\u00e4ntat till inomhus SM i hoppning och vi best\u00e4mmer oss f\u00f6r att starta. Det g\u00e5r inte superbra d\u00e4r men \u00e5h vilken h\u00e4rlig erfarenhet. Lite otur att just den helgen hade han n\u00e5got tjafs med munnen och d\u00e4r \u00e4r Zams st\u00f6rsta akillesh\u00e4l. Allt som blir jobbigt i munnen p\u00e5 Zam ger stora negativa effekter p\u00e5 ridningen.<\/p>\n<p>Zam \u00e4r 19 \u00e5r och har g\u00e5tt 120-klasser p\u00e5 Irland med goda resultat. Han \u00e4r en \u00a0l\u00e4rom\u00e4stare i hoppning som vi f\u00e5tt l\u00e5na under Emmas sista ponny-\u00e5r. En r\u00e4tt s\u00e5 het herre i hoppningen, har en helt fantastisk trav och \u00e4r super-sn\u00e4ll i all hantering.<\/p>\n<p><a href=\"http:\/\/media.pernillaodlund.se\/2014\/05\/Zam_dag1_3.png\"><img loading=\"lazy\" decoding=\"async\" class=\"alignnone size-medium wp-image-3064\" src=\"http:\/\/media.pernillaodlund.se\/2014\/05\/Zam_dag1_3-300x212.png\" alt=\"Zam_dag1_3\" width=\"300\" height=\"212\" srcset=\"http:\/\/media.pernillaodlund.se\/2014\/05\/Zam_dag1_3-300x212.png 300w, http:\/\/media.pernillaodlund.se\/2014\/05\/Zam_dag1_3.png 317w\" sizes=\"auto, (max-width: 300px) 100vw, 300px\" \/><\/a>\u00a0<a href=\"http:\/\/media.pernillaodlund.se\/2014\/05\/Zam_dag1_1.png\"><img loading=\"lazy\" decoding=\"async\" class=\"alignnone size-medium wp-image-3062\" src=\"http:\/\/media.pernillaodlund.se\/2014\/05\/Zam_dag1_1-275x300.png\" alt=\"Zam_dag1_1\" width=\"275\" height=\"300\" srcset=\"http:\/\/media.pernillaodlund.se\/2014\/05\/Zam_dag1_1-275x300.png 275w, http:\/\/media.pernillaodlund.se\/2014\/05\/Zam_dag1_1.png 329w\" sizes=\"auto, (max-width: 275px) 100vw, 275px\" \/><\/a><\/p>\n<p><a href=\"http:\/\/media.pernillaodlund.se\/2014\/05\/Zam_traningAnn2.jpg\"><img loading=\"lazy\" decoding=\"async\" class=\"alignnone size-medium wp-image-3067\" src=\"http:\/\/media.pernillaodlund.se\/2014\/05\/Zam_traningAnn2-225x300.jpg\" alt=\"Zam_traningAnn2\" width=\"225\" height=\"300\" srcset=\"http:\/\/media.pernillaodlund.se\/2014\/05\/Zam_traningAnn2-225x300.jpg 225w, http:\/\/media.pernillaodlund.se\/2014\/05\/Zam_traningAnn2.jpg 720w\" sizes=\"auto, (max-width: 225px) 100vw, 225px\" \/><\/a> <a href=\"http:\/\/media.pernillaodlund.se\/2014\/05\/Zam_traningAnn3.jpg\"><img loading=\"lazy\" decoding=\"async\" class=\"alignnone size-medium wp-image-3068\" src=\"http:\/\/media.pernillaodlund.se\/2014\/05\/Zam_traningAnn3-225x300.jpg\" alt=\"Zam_traningAnn3\" width=\"225\" height=\"300\" srcset=\"http:\/\/media.pernillaodlund.se\/2014\/05\/Zam_traningAnn3-225x300.jpg 225w, http:\/\/media.pernillaodlund.se\/2014\/05\/Zam_traningAnn3.jpg 720w\" sizes=\"auto, (max-width: 225px) 100vw, 225px\" \/><\/a><\/p>\n","protected":false},"excerpt":{"rendered":"<p>Zambucca f\u00f6dd 1996 imp Irland (2014) D\u00f6d 2015 ok\u00e4nd h\u00e4rstamning Efter en jobbig sommar med stor allergi mot insekter (och kvalster) s\u00e5 v\u00e4ljer vi att l\u00e5ta \u00e4lskade Zammie-boy somna in. Han led av de jobbiga insekterna och fick \u00e4ven en &hellip; <a href=\"http:\/\/pernillaodlund.se\/?page_id=3061\">L\u00e4s mer <span class=\"meta-nav\">&rarr;<\/span><\/a><\/p>\n","protected":false},"author":1,"featured_media":0,"parent":916,"menu_order":8,"comment_status":"open","ping_status":"closed","template":"","meta":{"om_disable_all_campaigns":false,"_monsterinsights_skip_tracking":false,"_monsterinsights_sitenote_active":false,"_monsterinsights_sitenote_note":"","_monsterinsights_sitenote_category":0,"footnotes":""},"class_list":["post-3061","page","type-page","status-publish","hentry"],"aioseo_notices":[],"_links":{"self":[{"href":"http:\/\/pernillaodlund.se\/index.php?rest_route=\/wp\/v2\/pages\/3061","targetHints":{"allow":["GET"]}}],"collection":[{"href":"http:\/\/pernillaodlund.se\/index.php?rest_route=\/wp\/v2\/pages"}],"about":[{"href":"http:\/\/pernillaodlund.se\/index.php?rest_route=\/wp\/v2\/types\/page"}],"author":[{"embeddable":true,"href":"http:\/\/pernillaodlund.se\/index.php?rest_route=\/wp\/v2\/users\/1"}],"replies":[{"embeddable":true,"href":"http:\/\/pernillaodlund.se\/index.php?rest_route=%2Fwp%2Fv2%2Fcomments&post=3061"}],"version-history":[{"count":7,"href":"http:\/\/pernillaodlund.se\/index.php?rest_route=\/wp\/v2\/pages\/3061\/revisions"}],"predecessor-version":[{"id":3881,"href":"http:\/\/pernillaodlund.se\/index.php?rest_route=\/wp\/v2\/pages\/3061\/revisions\/3881"}],"up":[{"embeddable":true,"href":"http:\/\/pernillaodlund.se\/index.php?rest_route=\/wp\/v2\/pages\/916"}],"wp:attachment":[{"href":"http:\/\/pernillaodlund.se\/index.php?rest_route=%2Fwp%2Fv2%2Fmedia&parent=3061"}],"curies":[{"name":"wp","href":"https:\/\/api.w.org\/{rel}","templated":true}]}}

<p><a href="http://media.pernillaodlund.se/2015/09/DSC_8481.jpg"><img loading="lazy" decoding="async" class="alignnone size-medium wp-image-3877" src="http://media.pernillaodlund.se/2015/09/DSC_8481-300x200.jpg" alt="DSC_8481" width="300" height="200" srcset="http://media.pernillaodlund.se/2015/09/DSC_8481-300x200.jpg 300w, http://media.pernillaodlund.se/2015/09/DSC_8481-450x300.jpg 450w, http://media.pernillaodlund.se/2015/09/DSC_8481.jpg 640w" sizes="auto, (max-width: 300px) 100vw, 300px" /></a></p>
<p>Zambucca<br />
född 1996 imp Irland (2014)<br />
Död 2015<br />
okänd härstamning</p>
<p>Efter en jobbig sommar med stor allergi mot insekter (och kvalster) så väljer vi att låta älskade Zammie-boy somna in. Han led av de jobbiga insekterna och fick även en leversjukdom. <span style="color: #ff0000;"><strong>Älskad, saknad och aldrig ska vi glömma honom &#8211; vår stora hjälte &lt;3</strong></span></p>
<p><a href="http://media.pernillaodlund.se/2015/09/DSC_8474.jpg"><img loading="lazy" decoding="async" class="alignnone size-medium wp-image-3875" src="http://media.pernillaodlund.se/2015/09/DSC_8474-300x217.jpg" alt="DSC_8474" width="300" height="217" srcset="http://media.pernillaodlund.se/2015/09/DSC_8474-300x217.jpg 300w, http://media.pernillaodlund.se/2015/09/DSC_8474-415x300.jpg 415w, http://media.pernillaodlund.se/2015/09/DSC_8474.jpg 640w" sizes="auto, (max-width: 300px) 100vw, 300px" /></a> <a href="http://media.pernillaodlund.se/2015/09/DSC_8470.jpg"><img loading="lazy" decoding="async" class="alignnone size-medium wp-image-3874" src="http://media.pernillaodlund.se/2015/09/DSC_8470-235x300.jpg" alt="DSC_8470" width="235" height="300" srcset="http://media.pernillaodlund.se/2015/09/DSC_8470-235x300.jpg 235w, http://media.pernillaodlund.se/2015/09/DSC_8470.jpg 502w" sizes="auto, (max-width: 235px) 100vw, 235px" /></a></p>
<p>Under tidig höst 2014 kvalar Emma och Zam helt oväntat till inomhus SM i hoppning och vi bestämmer oss för att starta. Det går inte superbra där men åh vilken härlig erfarenhet. Lite otur att just den helgen hade han något tjafs med munnen och där är Zams största akilleshäl. Allt som blir jobbigt i munnen på Zam ger stora negativa effekter på ridningen.</p>
<p>Zam är 19 år och har gått 120-klasser på Irland med goda resultat. Han är en  läromästare i hoppning som vi fått låna under Emmas sista ponny-år. En rätt så het herre i hoppningen, har en helt fantastisk trav och är super-snäll i all hantering.</p>
<p><a href="http://media.pernillaodlund.se/2014/05/Zam_dag1_3.png"><img loading="lazy" decoding="async" class="alignnone size-medium wp-image-3064" src="http://media.pernillaodlund.se/2014/05/Zam_dag1_3-300x212.png" alt="Zam_dag1_3" width="300" height="212" srcset="http://media.pernillaodlund.se/2014/05/Zam_dag1_3-300x212.png 300w, http://media.pernillaodlund.se/2014/05/Zam_dag1_3.png 317w" sizes="auto, (max-width: 300px) 100vw, 300px" /></a> <a href="http://media.pernillaodlund.se/2014/05/Zam_dag1_1.png"><img loading="lazy" decoding="async" class="alignnone size-medium wp-image-3062" src="http://media.pernillaodlund.se/2014/05/Zam_dag1_1-275x300.png" alt="Zam_dag1_1" width="275" height="300" srcset="http://media.pernillaodlund.se/2014/05/Zam_dag1_1-275x300.png 275w, http://media.pernillaodlund.se/2014/05/Zam_dag1_1.png 329w" sizes="auto, (max-width: 275px) 100vw, 275px" /></a></p>
<p><a href="http://media.pernillaodlund.se/2014/05/Zam_traningAnn2.jpg"><img loading="lazy" decoding="async" class="alignnone size-medium wp-image-3067" src="http://media.pernillaodlund.se/2014/05/Zam_traningAnn2-225x300.jpg" alt="Zam_traningAnn2" width="225" height="300" srcset="http://media.pernillaodlund.se/2014/05/Zam_traningAnn2-225x300.jpg 225w, http://media.pernillaodlund.se/2014/05/Zam_traningAnn2.jpg 720w" sizes="auto, (max-width: 225px) 100vw, 225px" /></a> <a href="http://media.pernillaodlund.se/2014/05/Zam_traningAnn3.jpg"><img loading="lazy" decoding="async" class="alignnone size-medium wp-image-3068" src="http://media.pernillaodlund.se/2014/05/Zam_traningAnn3-225x300.jpg" alt="Zam_traningAnn3" width="225" height="300" srcset="http://media.pernillaodlund.se/2014/05/Zam_traningAnn3-225x300.jpg 225w, http://media.pernillaodlund.se/2014/05/Zam_traningAnn3.jpg 720w" sizes="auto, (max-width: 225px) 100vw, 225px" /></a></p>

<p>Zambucca född 1996 imp Irland (2014) Död 2015 okänd härstamning Efter en jobbig sommar med stor allergi mot insekter (och kvalster) så väljer vi att låta älskade Zammie-boy somna in. Han led av de jobbiga insekterna och fick även en &hellip; <a href="http://pernillaodlund.se/?page_id=3061">Läs mer <span class="meta-nav">&rarr;</span></a></p>
