{"id":4821,"date":"2018-09-22T16:08:17","date_gmt":"2018-09-22T15:08:17","guid":{"rendered":"http:\/\/pernillaodlund.se\/?page_id=4821"},"modified":"2018-09-22T16:08:28","modified_gmt":"2018-09-22T15:08:28","slug":"exsus-kiara","status":"publish","type":"page","link":"https:\/\/pernillaodlund.se\/?page_id=4821","title":{"rendered":"Exsus Kiara"},"content":{"rendered":"<p><a href=\"http:\/\/media.pernillaodlund.se\/2018\/05\/IMG_0763.jpg\"><img loading=\"lazy\" decoding=\"async\" class=\"alignnone size-medium wp-image-4722\" src=\"http:\/\/media.pernillaodlund.se\/2018\/05\/IMG_0763-300x225.jpg\" alt=\"\" width=\"300\" height=\"225\" srcset=\"http:\/\/media.pernillaodlund.se\/2018\/05\/IMG_0763-300x225.jpg 300w, http:\/\/media.pernillaodlund.se\/2018\/05\/IMG_0763-768x576.jpg 768w, http:\/\/media.pernillaodlund.se\/2018\/05\/IMG_0763-1024x768.jpg 1024w, http:\/\/media.pernillaodlund.se\/2018\/05\/IMG_0763-400x300.jpg 400w, http:\/\/media.pernillaodlund.se\/2018\/05\/IMG_0763.jpg 1280w\" sizes=\"auto, (max-width: 300px) 100vw, 300px\" \/><\/a><\/p>\n<p>Exsus Kiara, sto f\u00f6dd 5 maj 2018<br \/>\ne FS Mr Right &#8211; Veronas Gerswin &#8211; Paddock Camargue<\/p>\n<p>Poohlia f\u00e5r ett alldeles underbart stof\u00f6l, isabell med skimmelanlag. Alldeles bed\u00e5rande s\u00f6t och ser ut som en dock-h\u00e4st redan fr\u00e5n b\u00f6rjan.<br \/>\nJag s\u00e5lde b\u00e5de Kiara och hennes mamma Poohlia n\u00e4stan p\u00e5 eng\u00e5ng och de \u00e5kte h\u00e4rifr\u00e5n n\u00e4r Kiara var lite drygt en m\u00e5nad gammal.<\/p>\n","protected":false},"excerpt":{"rendered":"<p>Exsus Kiara, sto f\u00f6dd 5 maj 2018 e FS Mr Right &#8211; Veronas Gerswin &#8211; Paddock Camargue Poohlia f\u00e5r ett alldeles underbart stof\u00f6l, isabell med skimmelanlag. Alldeles bed\u00e5rande s\u00f6t och ser ut som en dock-h\u00e4st redan fr\u00e5n b\u00f6rjan. Jag s\u00e5lde &hellip; <a href=\"https:\/\/pernillaodlund.se\/?page_id=4821\">L\u00e4s mer <span class=\"meta-nav\">&rarr;<\/span><\/a><\/p>\n","protected":false},"author":1,"featured_media":0,"parent":4816,"menu_order":2,"comment_status":"closed","ping_status":"closed","template":"","meta":{"om_disable_all_campaigns":false,"_monsterinsights_skip_tracking":false,"_monsterinsights_sitenote_active":false,"_monsterinsights_sitenote_note":"","_monsterinsights_sitenote_category":0,"footnotes":""},"class_list":["post-4821","page","type-page","status-publish","hentry"],"aioseo_notices":[],"_links":{"self":[{"href":"https:\/\/pernillaodlund.se\/index.php?rest_route=\/wp\/v2\/pages\/4821","targetHints":{"allow":["GET"]}}],"collection":[{"href":"https:\/\/pernillaodlund.se\/index.php?rest_route=\/wp\/v2\/pages"}],"about":[{"href":"https:\/\/pernillaodlund.se\/index.php?rest_route=\/wp\/v2\/types\/page"}],"author":[{"embeddable":true,"href":"https:\/\/pernillaodlund.se\/index.php?rest_route=\/wp\/v2\/users\/1"}],"replies":[{"embeddable":true,"href":"https:\/\/pernillaodlund.se\/index.php?rest_route=%2Fwp%2Fv2%2Fcomments&post=4821"}],"version-history":[{"count":1,"href":"https:\/\/pernillaodlund.se\/index.php?rest_route=\/wp\/v2\/pages\/4821\/revisions"}],"predecessor-version":[{"id":4822,"href":"https:\/\/pernillaodlund.se\/index.php?rest_route=\/wp\/v2\/pages\/4821\/revisions\/4822"}],"up":[{"embeddable":true,"href":"https:\/\/pernillaodlund.se\/index.php?rest_route=\/wp\/v2\/pages\/4816"}],"wp:attachment":[{"href":"https:\/\/pernillaodlund.se\/index.php?rest_route=%2Fwp%2Fv2%2Fmedia&parent=4821"}],"curies":[{"name":"wp","href":"https:\/\/api.w.org\/{rel}","templated":true}]}}